Let u be (4 - (-33)/6)*o. Let j(w) = u*w - 40*w + w**2 + 23*w. Give j(-3).
3
Let t(l) be the second derivative of -5*l**4/6 + 2*l**3/3 + l**2/2 - 23*l. Let z be t(1). Let v(n) = n**3 + 5*n**2 - 2*n + 4. Give v(z).
14
Let c(f) = 8*f - 1. Let u(h) = 25*h - 3. Let a be -1 - 1/((-1)/(-2)). Let x(l) = a*u(l) + 8*c(l). Give x(-1).
12
Let d(c) = -c**2 - 5*c + 2. Let u(k) = 3*k**3 - k**2 - 2*k - 2. Let q be (22 + 0)*(-4)/8. Let h = q + 10. Let o be u(h). Determine d(o).
6
Suppose -51 + 56 = -5*h. Let z(l) = 2*l - 1. Determine z(h).
-3
Suppose 0*y + y = -v - 2, -v - 10 = -3*y. Let i(o) = 2 - 7*o - 5 + 1. Give i(y).
-16
Let f(z) = 0*z + 0*z + 38 - 2*z - 35. Suppose -3*r + 3*y - 15 = 0, r + 4 = -r - 4*y. Determine f(r).
11
Let p(m) = 45*m**3 + m**2 - m - 1. Let n be p(1). Let x be (n/20 - 3)*(-20)/(-8). Let d(i) = 2*i**2 - 2 - i**3 + 5 - 1. Give d(x).
18
Let z(t) be the third derivative of -t**6/120 - 13*t**5/30 - t**4/12 - 59*t**3/6 + 8*t**2 - 3. Give z(-26).
-7
Suppose 2 = -4*q - 2. Suppose 5*i - 17 = 13. Let r(h) = -6*h + 3 - 8*h**2 + i*h - 2. Give r(q).
-7
Let b(x) = -22*x**3 + 2*x**2 - 18*x - 1. Let p(h) = 24*h**3 - 3*h**2 + 21*h + 1. Let g(f) = 6*b(f) + 5*p(f). Calculate g(-1).
11
Let t(q) = 2*q + 186 - 373 + 179. Suppose -2*n - 8 = -3*n. Determine t(n).
8
Suppose 2*r - 42*o + 44*o - 22 = 0, 5*o - 41 = -3*r. Let m(f) = -2*f**2 + 16*f - 2. Determine m(r).
12
Let q be (-1 + 2)*(9 - 7). Let w(p) = -4*p**2 - 2*p**q + 6*p + 5*p**2. Let y = -1 - -4. Give w(y).
9
Suppose -2*f - 73 = -3*o - 84, 3*f + 5*o - 7 = 0. Let n(l) = l + 1. Let s(q) = 2*q - 2. Let k(x) = n(x) + s(x). Give k(f).
11
Let p(j) = 4*j + 20. Let g(r) = 47*r - 147. Let s be g(3). Determine p(s).
-4
Let s(v) = 2*v**3 + v + 1. Let u(z) = 44*z**3 - z**2 + 5*z + 4. Let b(x) = 4*s(x) - u(x). What is b(1)?
-36
Let m(n) = -9*n + 4. Let f = 1885 + -1889. Give m(f).
40
Let o = 28 - 33. Let v(k) be the second derivative of 1/2*k**3 + 5/12*k**4 + 0 - k + 1/20*k**5 + k**2. Determine v(o).
-13
Let m(q) = -9*q + 11. Let t(k) = -8*k + 10. Let p(n) = -4*m(n) + 5*t(n). Calculate p(3).
-6
Let g(u) be the first derivative of -u**6/120 - u**5/30 + u**4/6 + u**3/2 + 13*u**2/2 + 17. Let o(l) be the second derivative of g(l). What is o(-3)?
0
Let a(p) = -p**2 - 7*p - 9. Let d = -4 + 35. Let f = 24 - d. Give a(f).
-9
Let c(b) = 4 + 5*b**2 - 14*b**2 - 1 - 2. Suppose 0 = 4*j, -4*s + 5*s = -3*j - 1. What is c(s)?
-8
Let w(x) = x**2 + 5*x + 2. Suppose 5*l + 12 = 5*p + 2, p = -5*l + 20. Suppose -i = l*i + 52. Let k(f) = f + 8. Let m be k(i). Determine w(m).
2
Let d(r) = r**2 + 4*r - 7. Let g(n) = -5*n + 4. Let j be 10/(-60) + (-13)/(-6). Let k be g(j). Let v = k - -1. What is d(v)?
-2
Let q(k) = -6*k + 1. Suppose -2*c = -2*h - 2, -5*h + 4 = -2*c - 0. Suppose 0 = -2*l - h*y, 0*y + 4 = -l + y. Calculate q(l).
13
Let k(z) = z**3 - z**2 - 5. Suppose 0*o - 2*o - 6 = 0. Suppose 6*g - 2*g = -5*l + 8, 3*l + 2 = g. Let x be o + l - (-2 + -1). Determine k(x).
-5
Let t(i) = -4*i - 7. Let b be 5/((-20)/(-8)) + -45 - 2. Let d = -51 - b. Calculate t(d).
17
Let a(l) = -2 + 3 - 5*l - 2*l**2 + 2 - 8. Determine a(-2).
-3
Let d(x) = -x**3 - 6*x**2 + 5. Let o = 37 - 40. Let j be 6/(o/(-2 - -8)*2). What is d(j)?
5
Let x(l) = l**2 + 2*l + 4. Let c be 2/((-6)/(-3)) + 12/(-4). Let t be x(c). Let r(v) = v - 4. Give r(t).
0
Let j(a) = 3*a - 6. Suppose 0 = -17*r + 15*r - 56. Let b be (r/(-6)*1)/((-36)/(-54)). Calculate j(b).
15
Let b be 14*1/(10/(-25)). Let g = b + 57. Let k be g/(-99) + (-38)/(-9). Let x(n) = -2*n - 5. What is x(k)?
-13
Let t(b) = b**3 - 7*b**2 - b - 2. Let m(u) = u - 1. Let r(h) = -2*m(h) - t(h). Suppose -25 = 2*o - 13. Let n be -1 - -4*o/(-3). Determine r(n).
-3
Let b(y) = 2*y - 19. Let a be b(10). Let d = -5 + 14. Let f(c) = -a - 6*c + d*c + c. Calculate f(-1).
-5
Let n(j) = j + 14. Suppose -5*o - 55 - 35 = 0. Let s be n(o). Let m be s/10*(-15)/(-6). Let z(i) = -10*i - 1. Give z(m).
9
Let x(i) be the second derivative of i**7/840 + i**6/45 + 7*i**5/120 - i**4/4 - i**3 + 5*i. Let q(n) be the second derivative of x(n). Calculate q(-7).
-6
Suppose 0*w + 3*w = 21. Suppose 8*v + 0*v = 88. Let g(k) = w*k**3 - 4*k**3 + v*k**3 + k + 3*k**2 - k**2. What is g(-1)?
-13
Let y(s) be the third derivative of s**4/24 - 7*s**3/3 - 186*s**2. Calculate y(9).
-5
Let d be -4 - -8*(-5)/60*9. Let f(g) = -g**3 - 11*g**2 - 12*g + 5. What is f(d)?
25
Let c(b) be the second derivative of b**3/6 - b. Let g(v) be the first derivative of 3*v**2/2 + 85. Let i(u) = -17*c(u) + 6*g(u). Calculate i(-3).
-3
Let q(x) = x**3 + 702 - 4*x**2 - x**2 + 2*x**2 - 698. Let s be 8/3 - (-2)/6. Give q(s).
4
Let s(b) be the first derivative of -b**4/2 - 8*b**3/3 + 2*b**2 + 3*b + 33. Let f(n) = 5*n**3 + 24*n**2 - 13*n - 10. Let t(m) = 3*f(m) + 8*s(m). Determine t(7).
-6
Let p be 3 - 12/4 - 1*24. Let q = p - -27. Let t(f) = f**2 + f. What is t(q)?
12
Let s(j) = -2*j**3 + 4*j**2 + j + 3. Let f(c) = -3*c**3 + 10*c**2 + 2*c + 7. Let h(d) = 2*f(d) - 5*s(d). Calculate h(2).
29
Let x = 48 + -44. Suppose x*o + o - o = 0. Let c(g) be the second derivative of g**3/6 - 5*g**2/2 + g. Calculate c(o).
-5
Let p(w) = -3*w**2 + 3*w + 2. Let f = 250 - 247. Determine p(f).
-16
Let c(q) be the second derivative of -q**5/20 + 7*q**4/12 - 3*q**3/2 - q**2/2 + 25*q - 2. Give c(3).
8
Let z(a) = a**3 - 8*a**2 + a - 5. Let r be (-1)/(-2 - -4)*-86. Suppose 3*u - 5*u - l = -13, 5*u = l + r. Give z(u).
3
Let l(x) = -x**3 + 4*x**2 + 3*x + 18. Let y be l(5). Let f(k) = k**2 - 9*k + 10. Give f(y).
2
Suppose 0 = -2*k - 3*i - 338, 0 = -5*k - 0*i + 2*i - 883. Let s = k + 169. Let a(q) = q + 2. What is a(s)?
-4
Let w be (0 - 2)*(-4)/(-8). Let x(n) = -5*n**3 + 5*n**2 - 6*n. Let r(p) = -14*p**3 + 14*p**2 - 17*p. Let v(f) = 6*r(f) - 17*x(f). Determine v(w).
-2
Let y(p) = -p**3 + 2*p**2 + 5*p - 2. Let h be y(3). Let v = h - 10. Let f(k) = 0*k**3 - 12*k**2 - 4 - 7*k**2 + 14*k**2 - k**3 - k**2 - k. Determine f(v).
2
Let v = 4 - 2. Let t(x) = v - 3 + 5*x**2 - 4*x**2. Suppose 5*s = -5*m + 30, 0*m - 2*m - s + 7 = 0. Give t(m).
0
Let a(l) = 1 + 3 + l + 7 - 9. Suppose 5*f + 7 = -23. Determine a(f).
-4
Suppose 49*k + 9 = 52*k. Let f(i) = -i**2 + 4*i + 2. Give f(k).
5
Let r(b) = -b**3 - 11*b**2 + 4*b + 35. Let a be r(-11). Let p(h) = h**3 + 10*h**2 + 9*h - 11. Give p(a).
-11
Let s = -1875 - -1880. Let k(v) = -v**3 + v**2 + v. Let l(i) = 4*i**3 - 9*i**2 + i + 4. Let y(n) = 3*k(n) + l(n). Calculate y(s).
-1
Let w(p) = -3*p**3 + 20*p**2 + 10*p - 12. Let b be w(7). Let n(k) = -2*k + 8. What is n(b)?
-10
Let h(a) = -a + 5. Let x(n) = -n + 6. Let c(y) = -4*h(y) + 3*x(y). Suppose -4*b = 4 + 4. Calculate c(b).
-4
Suppose -108*f = -107*f - 3. Let h(y) = -4*y - y + 4*y + 2*y. Calculate h(f).
3
Let c be -6*(0 - (-1)/(-2)). Let p(f) = -c*f - f - 3 - 3. Suppose 30*i = -41*i + 7*i - 256. Determine p(i).
10
Let r(b) = 2*b**2 - 6*b - 8. Let y be 45/405 - (106/(-18) - 0). Determine r(y).
28
Let i(c) be the third derivative of c**6/20 - c**5/30 + c**3/6 - 2*c**2. Suppose 3*w = -2*x + 14 + 30, 4*w - 53 = 3*x. Let j = w + -15. Calculate i(j).
-7
Let t(r) be the second derivative of -r**6/360 + r**5/120 - 5*r**4/4 + 32*r. Let c(k) be the third derivative of t(k). Calculate c(5).
-9
Suppose -117 - 3 = -6*t. Suppose 22*g - t*g - 4 = 0. Let i(h) = h**2 - 3*h + 3. What is i(g)?
1
Let j(g) be the first derivative of 5*g**2/2 - 3*g - 89. Determine j(2).
7
Let t be (-342)/(-57) + 2/(-2). Let f(q) = -q - 1. Calculate f(t).
-6
Let x = 84 - 82. Let d(l) = 6*l**2 - 4*l + 2. Determine d(x).
18
Let w(f) = -f + 6. Let q(j) = 2*j**2 + j - 2. Let g(u) = u**3 + 2. Let d be g(0). Let r be q(d). Calculate w(r).
-2
Let p(j) be the third derivative of j**4/24 + j**3/3 + j**2. Suppose -286*s + 547 = -121*s - 278. Determine p(s).
7
Let r(c) be the third derivative of c**5/60 + 3*c**4/8 + 2*c**3/3 + 2*c**2. Suppose 34 - 26 = -t. Calculate r(t).
-4
Let c(j) = j**2 - 7*j + 4. Suppose -4*b = -7*b + 9. Suppose 3*a = 3*l - 30, b*l = 8*l + a - 26. Calculate c(l).
-2
Suppose p - h = 2, -p - 3*h = -8 + 10. Let j(b) = -3*b + 5. What is j(p)?
2
Suppose -8*x + 140 = -4*x. Let g(o) = -22*o + x*o - 3*o**2 - 11*o + 4. Give g(3).
-17
Let r = -5 - -10. Suppose -r - 3 = -4*m. Let c(q) = -q**3 - 10*q + 3*q**2 + 0*q**m + 6*q. What is c(3)?
-12
Let g(a) = 2*a**2 - 36*a + 66. Let y 